{"id":3589,"date":"2026-02-12T15:09:13","date_gmt":"2026-02-12T14:09:13","guid":{"rendered":"https:\/\/merani.be\/?post_type=product&#038;p=3589"},"modified":"2026-05-03T13:48:51","modified_gmt":"2026-05-03T11:48:51","slug":"grauer-poncho-mit-fransen-unisex","status":"publish","type":"product","link":"https:\/\/merani.be\/de\/product\/grijze-poncho-met-franjes-unisex\/","title":{"rendered":"Grauer Poncho mit Fransen | Unisex"},"content":{"rendered":"<div id=\"description\" class=\"tab-pane in show active\">\n<div class=\"product-description\">\n<div class=\"rte-content\">\n<p>Genie\u00dfen Sie die k\u00e4lteren Tage mit diesem grauen Unisex-Poncho mit Fransen und Kapuze. Perfekt f\u00fcr einen langen Waldspaziergang oder eine gem\u00fctliche Tasse Kaffee auf einer Terrasse im Fr\u00fchling.<br \/>\nTragen Sie ihn \u00fcber einer s\u00fc\u00dfen Jeans oder mit einem warmen Pullover darunter, und Sie sind bereit, die Welt zu entdecken. Poncho im Hippie-Stil mit aufgesetzter Mitteltasche und Kapuze<br \/>\nDer Holzknopf und die Schlaufe am Halsausschnitt machen den Poncho leicht verstellbar.<br \/>\nDie Form ist dreieckig und das vordere Dreieck hat nur Fransen.<br \/>\nDie Fransen sind schwarz und ihre graue Farbe ist auf feine Linien in dieser Farbe gemischt mit Schwarz zur\u00fcckzuf\u00fchren.<br \/>\nZusammensetzung: 100% Watte<br \/>\nL\u00e4nge des l\u00e4ngsten Oberteils: 105 cm (ungef\u00e4hr) und des k\u00fcrzesten 52 cm.<\/p>\n<h6><strong>Waschanleitung<\/strong><\/h6>\n<p><img decoding=\"async\" class=\"alignnone size-full wp-image-4919\" src=\"https:\/\/merani.be\/wp-content\/uploads\/2026\/02\/Laundry-Symbols-02-1-e1773501167203.png\" alt=\"\" width=\"30\" height=\"30\" \/>Niedrigtemperaturwaschgang \/ Wollwaschprogramm und niedrige Drehzahl max.600<\/p>\n<p><img decoding=\"async\" class=\"alignnone size-full wp-image-4897\" src=\"https:\/\/merani.be\/wp-content\/uploads\/2026\/03\/Laundry-Symbols-29-e1773488730394.png\" alt=\"\" width=\"30\" height=\"30\" \/>Handw\u00e4sche \/ nicht auswringen, sondern auf den Stoff dr\u00fccken \/ mit lauwarmem Wasser aussp\u00fclen \/ flach trocknen lassen<\/p>\n<p><img decoding=\"async\" class=\"alignnone size-full wp-image-4900\" src=\"https:\/\/merani.be\/wp-content\/uploads\/2026\/03\/Laundry-Symbols-96-e1773480248422.png\" alt=\"\" width=\"30\" height=\"30\" \/>Nicht im Trockner trocknen<\/p>\n<p><img loading=\"lazy\" decoding=\"async\" class=\"alignnone size-full wp-image-4903\" src=\"https:\/\/merani.be\/wp-content\/uploads\/2026\/03\/Laundry-Symbols-43-e1773482614155.png\" alt=\"\" width=\"30\" height=\"30\" \/> Nicht b\u00fcgeln<\/p>\n<p><img loading=\"lazy\" decoding=\"async\" class=\"alignnone size-full wp-image-4904\" src=\"https:\/\/merani.be\/wp-content\/uploads\/2026\/03\/Laundry-Symbols-33-e1773483373236.png\" alt=\"\" width=\"30\" height=\"30\" \/>Nicht bleichen<\/p>\n<h6><strong>Zusammensetzung &amp; Passform<\/strong><\/h6>\n<p>Farbe: Grau<\/p>\n<p>Material innen: 100% Watte<\/p>\n<p>Au\u00dfenmaterial: 100% Watte<\/p>\n<p>L\u00e4nge am l\u00e4ngsten Schnabel: 105 cm (ungef\u00e4hr) und am k\u00fcrzesten Schnabel 52 cm.<\/p>\n<p>Erh\u00e4ltlich in einer Einheitsgr\u00f6\u00dfe.<\/p>\n<\/div>\n<\/div>\n<\/div>","protected":false},"excerpt":{"rendered":"<p>Grauer Poncho mit Fransen | Unisex<\/p>\n<p>Mit diesem grauen Poncho bleiben Sie an den k\u00fchleren Abenden des Fr\u00fchlings warm und modisch. Stylisches Design und angenehmer Tragekomfort.<\/p>\n<p>100% Watte (Mischung aus 100% Baumwolle und Wolle)<\/p>","protected":false},"featured_media":6475,"comment_status":"open","ping_status":"closed","template":"","meta":[],"product_brand":[772],"product_cat":[778],"product_tag":[1015,1016,1017,1014],"class_list":{"0":"post-3589","1":"product","2":"type-product","3":"status-publish","4":"has-post-thumbnail","6":"product_brand-kimago","7":"product_cat-fashion","8":"product_tag-dames-mantelcape","9":"product_tag-heren-omslagdoek","10":"product_tag-katoenen-poncho","11":"product_tag-vest","13":"first","14":"instock","15":"taxable","16":"shipping-taxable","17":"purchasable","18":"product-type-simple"},"_links":{"self":[{"href":"https:\/\/merani.be\/de\/wp-json\/wp\/v2\/product\/3589","targetHints":{"allow":["GET"]}}],"collection":[{"href":"https:\/\/merani.be\/de\/wp-json\/wp\/v2\/product"}],"about":[{"href":"https:\/\/merani.be\/de\/wp-json\/wp\/v2\/types\/product"}],"replies":[{"embeddable":true,"href":"https:\/\/merani.be\/de\/wp-json\/wp\/v2\/comments?post=3589"}],"version-history":[{"count":3,"href":"https:\/\/merani.be\/de\/wp-json\/wp\/v2\/product\/3589\/revisions"}],"predecessor-version":[{"id":6478,"href":"https:\/\/merani.be\/de\/wp-json\/wp\/v2\/product\/3589\/revisions\/6478"}],"wp:featuredmedia":[{"embeddable":true,"href":"https:\/\/merani.be\/de\/wp-json\/wp\/v2\/media\/6475"}],"wp:attachment":[{"href":"https:\/\/merani.be\/de\/wp-json\/wp\/v2\/media?parent=3589"}],"wp:term":[{"taxonomy":"product_brand","embeddable":true,"href":"https:\/\/merani.be\/de\/wp-json\/wp\/v2\/product_brand?post=3589"},{"taxonomy":"product_cat","embeddable":true,"href":"https:\/\/merani.be\/de\/wp-json\/wp\/v2\/product_cat?post=3589"},{"taxonomy":"product_tag","embeddable":true,"href":"https:\/\/merani.be\/de\/wp-json\/wp\/v2\/product_tag?post=3589"}],"curies":[{"name":"wp","href":"https:\/\/api.w.org\/{rel}","templated":true}]}}

<div id="description" class="tab-pane in show active">
<div class="product-description">
<div class="rte-content">
<p>Genießen Sie die kälteren Tage mit diesem grauen Unisex-Poncho mit Fransen und Kapuze. Perfekt für einen langen Waldspaziergang oder eine gemütliche Tasse Kaffee auf einer Terrasse im Frühling.<br />
Tragen Sie ihn über einer süßen Jeans oder mit einem warmen Pullover darunter, und Sie sind bereit, die Welt zu entdecken. Poncho im Hippie-Stil mit aufgesetzter Mitteltasche und Kapuze<br />
Der Holzknopf und die Schlaufe am Halsausschnitt machen den Poncho leicht verstellbar.<br />
Die Form ist dreieckig und das vordere Dreieck hat nur Fransen.<br />
Die Fransen sind schwarz und ihre graue Farbe ist auf feine Linien in dieser Farbe gemischt mit Schwarz zurückzuführen.<br />
Zusammensetzung: 100% Watte<br />
Länge des längsten Oberteils: 105 cm (ungefähr) und des kürzesten 52 cm.</p>
<h6><strong>Waschanleitung</strong></h6>
<p><img decoding="async" class="alignnone size-full wp-image-4919" src="https://merani.be/wp-content/uploads/2026/02/Laundry-Symbols-02-1-e1773501167203.png" alt="" width="30" height="30" />Niedrigtemperaturwaschgang / Wollwaschprogramm und niedrige Drehzahl max.600</p>
<p><img decoding="async" class="alignnone size-full wp-image-4897" src="https://merani.be/wp-content/uploads/2026/03/Laundry-Symbols-29-e1773488730394.png" alt="" width="30" height="30" />Handwäsche / nicht auswringen, sondern auf den Stoff drücken / mit lauwarmem Wasser ausspülen / flach trocknen lassen</p>
<p><img decoding="async" class="alignnone size-full wp-image-4900" src="https://merani.be/wp-content/uploads/2026/03/Laundry-Symbols-96-e1773480248422.png" alt="" width="30" height="30" />Nicht im Trockner trocknen</p>
<p><img loading="lazy" decoding="async" class="alignnone size-full wp-image-4903" src="https://merani.be/wp-content/uploads/2026/03/Laundry-Symbols-43-e1773482614155.png" alt="" width="30" height="30" /> Nicht bügeln</p>
<p><img loading="lazy" decoding="async" class="alignnone size-full wp-image-4904" src="https://merani.be/wp-content/uploads/2026/03/Laundry-Symbols-33-e1773483373236.png" alt="" width="30" height="30" />Nicht bleichen</p>
<h6><strong>Zusammensetzung &amp; Passform</strong></h6>
<p>Farbe: Grau</p>
<p>Material innen: 100% Watte</p>
<p>Außenmaterial: 100% Watte</p>
<p>Länge am längsten Schnabel: 105 cm (ungefähr) und am kürzesten Schnabel 52 cm.</p>
<p>Erhältlich in einer Einheitsgröße.</p>
</div>
</div>
</div>

<p>Grauer Poncho mit Fransen | Unisex</p>
<p>Mit diesem grauen Poncho bleiben Sie an den kühleren Abenden des Frühlings warm und modisch. Stylisches Design und angenehmer Tragekomfort.</p>
<p>100% Watte (Mischung aus 100% Baumwolle und Wolle)</p>
